be j(4). Suppose -2*a + 203 + 5 = b. Calculate the remainder when a is divided by 28.
20
Calculate the remainder when 56 is divided by (-1672)/198*(-3)/(-8)*-6.
18
Let j = 9 - 12. Let c be 1*2 + (-3 - j). What is the remainder when (-24)/c*13/(-39) is divided by 2?
0
Let t = -19 - -57. Let p = -229 - -60. Let f = p - -179. What is the remainder when t is divided by f?
8
Calculate the remainder when 32 is divided by (6 - (-200)/(-15))*-3.
10
Let o be (-3)/(-2) + 1/(-2). Suppose -19*y + 200 + 24 = 13*y. Calculate the remainder when 50/2*1*o is divided by y.
4
Let s(k) = 10*k**2 + k + 1. Let y be s(-2). Let g = y + -72. Calculate the remainder when (-2)/(-4)*(3 - g) is divided by 5.
3
Suppose -3*m = -3*j + 106 - 1012, 0 = -4*m - j + 1183. Calculate the remainder when m is divided by 102.
93
Let g(s) = s**3 + 8*s**2 - s + 15. What is the remainder when g(-8) is divided by (9/18)/((-2)/(-52))?
10
Suppose m = 77 + 95. What is the remainder when m is divided by 7?
4
Let q be 2*(4/(-5) - (-36)/(-30)). Calculate the remainder when 13 is divided by 12/(8 + q) + 5.
5
Suppose 1674 + 4361 = 71*h. What is the remainder when h is divided by 85?
0
Suppose -3*r = -t + 3, 5*t - 5*r + 2 = t. Calculate the remainder when (-149)/t - (-20)/(-30) is divided by 13.
10
Calculate the remainder when 2/(-4)*0 + 33 is divided by (1944/45)/6*(-10)/(-4).
15
Let f(b) = b**3 - 8*b**2 - 2*b + 13. Let g be f(8). Suppose -k + 3*k - 80 = 0. What is the remainder when k is divided by (-2 - (g + 0))/(1/11)?
7
Let m(b) = -2*b - 10. Let y be m(-6). Let c be ((-7)/(-2))/((-3)/(-6)). Calculate the remainder when 38 is divided by 1 + (c + -1)*y.
12
Let o = 616 - 590. Suppose 3*n = 2*p - 253, -2*n + 386 = 3*p - 0*n. Calculate the remainder when p is divided by o.
24
Let c = 504 + -478. Calculate the remainder when 48 is divided by c.
22
Suppose 2*x + 280 = 2*i, -2*i = 2*x - 18 - 246. Suppose -5*o + o = 5*f - i, 4*o + 2*f - 148 = 0. What is the remainder when 115 is divided by o?
37
Suppose -2*u - x + 221 + 91 = 0, 2*u - 324 = -4*x. What is the remainder when u is divided by 40?
34
Suppose 0 = -5*g + t + 279, 38 = -2*g + 5*t + 168. What is the remainder when 104 is divided by g?
49
Calculate the remainder when 81/(-9) + (139 - -2) is divided by 26.
2
Let a = 21 - 21. Suppose -2*p + n + 27 = 0, a*n + n + 5 = 0. What is the remainder when 42 is divided by p?
9
Let l(x) = -x**3 + 6*x**2 + x - 2. Let c = 20 + -14. What is the remainder when l(c) is divided by 2*5*((-66)/10 + 7)?
0
Let f = 2 + 4. Suppose -2*z + 3*i + 232 = 3*z, 3*i - 97 = -2*z. What is the remainder when z is divided by f?
5
Suppose -3*k - k + 80 = 0. Let n = 19105 - 19006. What is the remainder when n is divided by k?
19
Suppose 0*r + 3*r = 99. Let c(a) = a**3 + 31*a**2 + a + 48. What is the remainder when r is divided by c(-31)?
16
Suppose -5*h = j - 28, 0 = h - 0*j - 2*j + 1. Suppose w - 9 = -3*c + 9, h*w - 90 = -2*c. What is the remainder when 71 is divided by w?
17
Let g(q) = q**2 + 6*q + 10. Let y(u) = u**3 + 3*u**2 + 3*u + 2. Let o be y(-3). What is the remainder when g(o) is divided by (-17)/(-2) - (-4)/8?
8
Let m(v) = -v - 4. Calculate the remainder when m(-6) is divided by 1.
0
Suppose -3*r = 15, 0*r = 5*d + 4*r + 50. Let k(v) = 62*v**3 + v**2 - v + 1. What is the remainder when k(1) is divided by (d/12)/((-3)/96)?
15
Suppose -4*n + 24 = -3*l - 33, 3*n = 4*l + 48. Let i be (n/(-2))/(-3) + -1. Calculate the remainder when 5 is divided by ((-3)/(-6))/(i/6).
2
Let q = 26 - -31. Calculate the remainder when q is divided by 9.
3
Suppose 0 = 12*j - 8*j - 52. What is the remainder when j is divided by 4?
1
Let d = 64 - 60. Let m = d - -56. What is the remainder when m is divided by 7?
4
Suppose -5*q + 0*q = -75. Suppose -m + 3*m - 10 = 0. Suppose 5*c + 41 + 10 = 4*f, m*f = 2*c + 51. What is the remainder when q is divided by f?
6
Suppose 2*i - 28 = -2*d, -2*i + 2*d + 19 = -17. Suppose i = 33*u - 29*u. Calculate the remainder when 23 is divided by u.
3
Let r(m) = 7*m - 3. Let j be r(1). What is the remainder when 67 is divided by 201/6 + 1 + j/8?
32
Suppose -5516 - 306 = -142*p. Calculate the remainder when p is divided by 28*(-2)/(-4)*1.
13
Let n = -31 + 73. Let r(k) = -k**2 + 13*k - 18. Suppose 7 + 12 = 2*l - t, -3*l = t - 21. What is the remainder when n is divided by r(l)?
20
Suppose 45*s - 56800 = -4780. Calculate the remainder when s is divided by 13.
12
What is the remainder when 72 is divided by 1/((-3)/(-36)) + (2 - -1)?
12
Let y(t) = -3*t - 1 + t**2 + t + 3*t. Let b be y(2). Suppose -6*m + b*m + 4*c = -51, 2*c - 39 = -m. What is the remainder when m is divided by 11?
10
Let x(y) = -y**2 + 62. Let i(h) = h**2 - 16*h + 88. What is the remainder when x(0) is divided by i(5)?
29
Let i = -5 - -365. Calculate the remainder when i is divided by 38.
18
Let k(a) = a**2 + 10. Calculate the remainder when 39 is divided by k(0).
9
Suppose -5*d + 293 = -j, -3*d - d + 240 = 2*j. What is the remainder when d is divided by 17?
8
Let p = 55 - 4. Let f(v) = -v**2 + 12*v - 9. Let g = 22 + -17. Calculate the remainder when p is divided by f(g).
25
Suppose 0 = -2*y - 5*l + 55, -6*l = -3*y - 3*l + 93. What is the remainder when 68 is divided by y?
8
Let q = 7 + -3. Let k be q/(13/(-11) - -1). Let v = -4 - k. What is the remainder when 33 is divided by v?
15
Let y(c) = 3*c**2 + 2*c - 2. Suppose -190 = -68*i + 30*i. Calculate the remainder when y(-3) is divided by i.
4
Suppose 0 = 2*h - g - 0*g - 19, -2*h - 1 = 3*g. Let s = 51 - 138. Let p = -53 - s. Calculate the remainder when p is divided by h.
6
What is the remainder when 82 is divided by (-33)/44 - ((-261)/12 + 3)?
10
Let c(l) = -45*l**2 - 3 - 3 + 56*l**2 - 13*l - 5 + l**3. Let g be c(-12). Calculate the remainder when 0 + g*(0 - -45) is divided by 12.
9
Suppose -d = 5*u - 389, d - 159 = -2*u + 4*d. Let l be 26/6 + 6/(-18). Suppose 60 = -s + l*s. Calculate the remainder when u is divided by s.
18
Let y be 5005/(-44) - (-2)/(-8). Let g = y + 173. What is the remainder when g is divided by 30?
29
What is the remainder when (-50)/3*(-288)/10 is divided by 69?
66
Let o be 8*1*21/28. What is the remainder when 124 is divided by ((567/o)/9)/(2/4)?
19
Let j(i) = i**2 + 25*i + 72. Suppose 92 = -9*x + 5*x. Calculate the remainder when 49 is divided by j(x).
23
Let z(s) = s**3 - 6*s**2 + 13*s - 9. Suppose -2*f + 6 = 0, -2*c - 5*f - 30 - 119 = 0. Let k = -58 - c. What is the remainder when z(6) is divided by k?
21
Let f(p) = 3*p**3 - 4*p**2 + 11*p - 15. What is the remainder when f(3) is divided by ((-6)/(-4) - 0)*22?
30
Let c = 9 + 0. What is the remainder when (-4)/12 - 876/(-9) is divided by c?
7
Let k = -1179 + 1202. Calculate the remainder when 36 is divided by k.
13
Suppose 2*f - 3*f + 6 = 0. Let u(x) = -2*x**3 - 34*x**2 + 26*x - 154. What is the remainder when u(-18) is divided by f?
2
Calculate the remainder when 119 is divided by ((-10)/6)/((-20)/72).
5
Suppose -20*w = -21*w + 1. Calculate the remainder when 159 is divided by (-6)/w*(-140)/21.
39
Let y(i) = -i**3 + 5*i**2 - 2*i - 4. Let x be y(3). Suppose 0 = 4*v - 36 + x. Suppose -z - 1 = -19. What is the remainder when z is divided by v?
4
Let n(d) = d**2 - 2*d - 7. Let u(s) = -36*s - 5. Let j(k) = -2*k - 1. Let o be j(0). Calculate the remainder when u(o) is divided by n(5).
7
Let o = 92 + -3. Calculate the remainder when o is divided by 5/(-15) + (-110)/(-6).
17
Let t(d) = -2*d**3 - d**2 - 2*d - 1. Let k be t(-1). Suppose 0 = -5*n + b + 3*b + 56, 2*n + k*b = 26. What is the remainder when 33 is divided by n?
9
Let b(j) = j**2 + 20*j - 58. What is the remainder when 406 is divided by b(-23)?
10
Suppose 25*r = 183 + 267. Calculate the remainder when 155 is divided by r.
11
Let w(z) = z**3 - 4*z**2 + 7*z - 15. Calculate the remainder when 101 is divided by w(4).
10
Suppose 0 = -4*f - 4*h + 12, h + 3*h + 28 = f. Let q = 4 + 9. Suppose -q*j + 8*j = -70. Calculate the remainder when j is divided by f.
6
Suppose 4*x - 268 = 4*q, -9*x - 5*q = -13*x + 263. What is the remainder when x is divided by 15?
12
Suppose -3*n - y - 83 = -8*n, -2*n - y = -36. Calculate the remainder when n is divided by -16*(-7)/(-14) - -18.
7
Let q = 44 + -19. Calculate the remainder when -1 + 8 + (86 - 21) is divided by q.
22
Suppose -3*m + 2*m - 5 = 0. Let f